{"id":1084,"date":"2024-05-06T06:11:10","date_gmt":"2024-05-06T04:11:10","guid":{"rendered":"https:\/\/www.iavs.ch\/assembles-generales\/"},"modified":"2026-04-14T11:30:25","modified_gmt":"2026-04-14T09:30:25","slug":"generalversammlungen","status":"publish","type":"page","link":"https:\/\/www.iavs.ch\/de\/generalversammlungen\/","title":{"rendered":"Generalversammlungen"},"content":{"rendered":"<div class=\"wpb-content-wrapper\"><p>[vc_row full_width=&#8220;stretch_row&#8220; content_placement=&#8220;middle&#8220; el_class=&#8220;section-banner&#8220; css=&#8220;.vc_custom_1715158155226{padding-top: 100px !important;padding-bottom: 100px !important;background-image: url(https:\/\/www.iavs.ch\/wp-content\/uploads\/2024\/05\/d3ebe33aa64550df1c0e0440358a021c.jpg?id=618) !important;background-position: center !important;background-repeat: no-repeat !important;background-size: cover !important;}&#8220;][vc_column css=&#8220;.vc_custom_1714982198824{margin-top: 0px !important;padding-top: 0px !important;}&#8220;][vc_custom_heading text=&#8220;Versammlungen&#8220; font_container=&#8220;tag:h1|font_size:56|text_align:center|color:%23ffffff|line_height:1.2&#8243; use_theme_fonts=&#8220;yes&#8220; css=&#8220;.vc_custom_1729521487663{margin-top: 0px !important;margin-bottom: 0px !important;padding-top: 0px !important;padding-bottom: 0px !important;}&#8220; el_class=&#8220;title-page&#8220;][\/vc_column][\/vc_row][vc_row][vc_column css=&#8220;.vc_custom_1715394682077{margin-top: 0px !important;padding-top: 0px !important;}&#8220;][vc_raw_html css=&#8220;.vc_custom_1715394638948{margin-top: 0px !important;margin-bottom: 0px !important;padding-top: 0px !important;padding-bottom: 0px !important;}&#8220;]JTVCYnJlYWRjcnVtYnMlNUQ=[\/vc_raw_html][\/vc_column][\/vc_row][vc_row][vc_column el_class=&#8220;max-1000&#8243;][vc_custom_heading text=&#8220;Generalversammlungen&#8220; font_container=&#8220;tag:h2|font_size:40px|text_align:left|line_height:1.25&#8243; use_theme_fonts=&#8220;yes&#8220; css=&#8220;.vc_custom_1729521547748{margin-bottom: 40px !important;}&#8220;][vc_column_text css=&#8220;.vc_custom_1729521592061{margin-bottom: 40px !important;}&#8220;]Jedes Jahr veranstaltet IAVS ihre Generalversammlung, die Mitglieder und G\u00e4ste zusammenbringt und stets von einem festlichen Teil gefolgt wird. Finden Sie die letzten Protokolle als Download.[\/vc_column_text][vc_column_text css=&#8220;.vc_custom_1729521621620{margin-bottom: 10px !important;}&#8220;]<strong>Protokolle<\/strong>[\/vc_column_text]\t<div class=\"rst-item-download \">\n\t\t<a href=\"https:\/\/www.iavs.ch\/wp-content\/uploads\/2026\/04\/PV_AG_2025_DE.pdf\" download>\n\t\t\t<span class=\"rst-icon-download\"><span><\/span><\/span><\/span>2025<\/a>\n\t<\/div>\n\t\n[vc_empty_space height=&#8220;12px&#8220;]\t<div class=\"rst-item-download \">\n\t\t<a href=\"https:\/\/www.iavs.ch\/wp-content\/uploads\/2025\/04\/PV_AG_2024_DE.pdf\" download>\n\t\t\t<span class=\"rst-icon-download\"><span><\/span><\/span><\/span>2024<\/a>\n\t<\/div>\n\t\n[vc_empty_space height=&#8220;12px&#8220;]\t<div class=\"rst-item-download \">\n\t\t<a href=\"https:\/\/www.iavs.ch\/wp-content\/uploads\/2024\/05\/PV_AG_2023_FR.pdf\" download>\n\t\t\t<span class=\"rst-icon-download\"><span><\/span><\/span><\/span>2023<\/a>\n\t<\/div>\n\t\n[vc_empty_space height=&#8220;12px&#8220;]\t<div class=\"rst-item-download \">\n\t\t<a href=\"https:\/\/www.iavs.ch\/wp-content\/uploads\/2024\/05\/PV_AG_2022_FR.pdf\" download>\n\t\t\t<span class=\"rst-icon-download\"><span><\/span><\/span><\/span>2022<\/a>\n\t<\/div>\n\t\n[vc_empty_space height=&#8220;80px&#8220;][vc_empty_space height=&#8220;45px&#8220; el_class=&#8220;hidden&#8220;][\/vc_column][\/vc_row]<\/p>\n<\/div>","protected":false},"excerpt":{"rendered":"<p>[vc_row full_width=&#8220;stretch_row&#8220; content_placement=&#8220;middle&#8220; el_class=&#8220;section-banner&#8220; css=&#8220;.vc_custom_1715158155226{padding-top: 100px !important;padding-bottom: 100px !important;background-image: url(https:\/\/www.iavs.ch\/wp-content\/uploads\/2024\/05\/d3ebe33aa64550df1c0e0440358a021c.jpg?id=618) !important;background-position: center !important;background-repeat: no-repeat !important;background-size: cover !important;}&#8220;][vc_column css=&#8220;.vc_custom_1714982198824{margin-top: 0px !important;padding-top: 0px !important;}&#8220;][vc_custom_heading text=&#8220;Versammlungen&#8220; font_container=&#8220;tag:h1|font_size:56|text_align:center|color:%23ffffff|line_height:1.2&#8243; use_theme_fonts=&#8220;yes&#8220; css=&#8220;.vc_custom_1729521487663{margin-top: 0px !important;margin-bottom: 0px !important;padding-top: 0px !important;padding-bottom: 0px !important;}&#8220; el_class=&#8220;title-page&#8220;][\/vc_column][\/vc_row][vc_row][vc_column css=&#8220;.vc_custom_1715394682077{margin-top: 0px !important;padding-top: 0px !important;}&#8220;][vc_raw_html css=&#8220;.vc_custom_1715394638948{margin-top: 0px !important;margin-bottom: 0px !important;padding-top: 0px !important;padding-bottom: 0px !important;}&#8220;]JTVCYnJlYWRjcnVtYnMlNUQ=[\/vc_raw_html][\/vc_column][\/vc_row][vc_row][vc_column el_class=&#8220;max-1000&#8243;][vc_custom_heading text=&#8220;Generalversammlungen&#8220; font_container=&#8220;tag:h2|font_size:40px|text_align:left|line_height:1.25&#8243; use_theme_fonts=&#8220;yes&#8220; css=&#8220;.vc_custom_1729521547748{margin-bottom: 40px [&hellip;]<\/p>\n","protected":false},"author":1,"featured_media":0,"parent":0,"menu_order":0,"comment_status":"closed","ping_status":"closed","template":"","meta":{"_acf_changed":false,"footnotes":""},"class_list":["post-1084","page","type-page","status-publish","hentry"],"acf":[],"yoast_head":"<!-- This site is optimized with the Yoast SEO plugin v27.4 - https:\/\/yoast.com\/product\/yoast-seo-wordpress\/ -->\n<title>IAVS \u2013 Assembl\u00e9es g\u00e9n\u00e9rales<\/title>\n<meta name=\"description\" content=\"Retrouvez les derniers proc\u00e8s-verbaux de nos assembl\u00e9es g\u00e9n\u00e9rales en t\u00e9l\u00e9chargement.\" \/>\n<meta name=\"robots\" content=\"index, follow, max-snippet:-1, max-image-preview:large, max-video-preview:-1\" \/>\n<link rel=\"canonical\" href=\"https:\/\/www.iavs.ch\/de\/generalversammlungen\/\" \/>\n<meta property=\"og:locale\" content=\"de_DE\" \/>\n<meta property=\"og:type\" content=\"article\" \/>\n<meta property=\"og:title\" content=\"IAVS \u2013 Assembl\u00e9es g\u00e9n\u00e9rales\" \/>\n<meta property=\"og:description\" content=\"Retrouvez les derniers proc\u00e8s-verbaux de nos assembl\u00e9es g\u00e9n\u00e9rales en t\u00e9l\u00e9chargement.\" \/>\n<meta property=\"og:url\" content=\"https:\/\/www.iavs.ch\/de\/generalversammlungen\/\" \/>\n<meta property=\"og:site_name\" content=\"IAVS - Ingenieure und Architekten aus dem Wallis\" \/>\n<meta property=\"article:modified_time\" content=\"2026-04-14T09:30:25+00:00\" \/>\n<meta name=\"twitter:card\" content=\"summary_large_image\" \/>\n<meta name=\"twitter:label1\" content=\"Gesch\u00e4tzte Lesezeit\" \/>\n\t<meta name=\"twitter:data1\" content=\"1\u00a0Minute\" \/>\n<script type=\"application\/ld+json\" class=\"yoast-schema-graph\">{\"@context\":\"https:\\\/\\\/schema.org\",\"@graph\":[{\"@type\":\"WebPage\",\"@id\":\"https:\\\/\\\/www.iavs.ch\\\/de\\\/generalversammlungen\\\/\",\"url\":\"https:\\\/\\\/www.iavs.ch\\\/de\\\/generalversammlungen\\\/\",\"name\":\"IAVS \u2013 Assembl\u00e9es g\u00e9n\u00e9rales\",\"isPartOf\":{\"@id\":\"https:\\\/\\\/www.iavs.ch\\\/de\\\/#website\"},\"datePublished\":\"2024-05-06T04:11:10+00:00\",\"dateModified\":\"2026-04-14T09:30:25+00:00\",\"description\":\"Retrouvez les derniers proc\u00e8s-verbaux de nos assembl\u00e9es g\u00e9n\u00e9rales en t\u00e9l\u00e9chargement.\",\"breadcrumb\":{\"@id\":\"https:\\\/\\\/www.iavs.ch\\\/de\\\/generalversammlungen\\\/#breadcrumb\"},\"inLanguage\":\"de\",\"potentialAction\":[{\"@type\":\"ReadAction\",\"target\":[\"https:\\\/\\\/www.iavs.ch\\\/de\\\/generalversammlungen\\\/\"]}]},{\"@type\":\"BreadcrumbList\",\"@id\":\"https:\\\/\\\/www.iavs.ch\\\/de\\\/generalversammlungen\\\/#breadcrumb\",\"itemListElement\":[{\"@type\":\"ListItem\",\"position\":1,\"name\":\"Accueil\",\"item\":\"https:\\\/\\\/www.iavs.ch\\\/de\\\/\"},{\"@type\":\"ListItem\",\"position\":2,\"name\":\"Generalversammlungen\"}]},{\"@type\":\"WebSite\",\"@id\":\"https:\\\/\\\/www.iavs.ch\\\/de\\\/#website\",\"url\":\"https:\\\/\\\/www.iavs.ch\\\/de\\\/\",\"name\":\"IAVS \u2013 Ing\u00e9nieurs et Architectes du Valais\",\"description\":\"Vereinigung Ingenieure Architekten Wallis\",\"publisher\":{\"@id\":\"https:\\\/\\\/www.iavs.ch\\\/de\\\/#organization\"},\"potentialAction\":[{\"@type\":\"SearchAction\",\"target\":{\"@type\":\"EntryPoint\",\"urlTemplate\":\"https:\\\/\\\/www.iavs.ch\\\/de\\\/?s={search_term_string}\"},\"query-input\":{\"@type\":\"PropertyValueSpecification\",\"valueRequired\":true,\"valueName\":\"search_term_string\"}}],\"inLanguage\":\"de\"},{\"@type\":\"Organization\",\"@id\":\"https:\\\/\\\/www.iavs.ch\\\/de\\\/#organization\",\"name\":\"IAVS\",\"url\":\"https:\\\/\\\/www.iavs.ch\\\/de\\\/\",\"logo\":{\"@type\":\"ImageObject\",\"inLanguage\":\"de\",\"@id\":\"https:\\\/\\\/www.iavs.ch\\\/de\\\/#\\\/schema\\\/logo\\\/image\\\/\",\"url\":\"https:\\\/\\\/www.iavs.ch\\\/wp-content\\\/uploads\\\/2024\\\/05\\\/IAVS-logo.svg\",\"contentUrl\":\"https:\\\/\\\/www.iavs.ch\\\/wp-content\\\/uploads\\\/2024\\\/05\\\/IAVS-logo.svg\",\"width\":1,\"height\":1,\"caption\":\"IAVS\"},\"image\":{\"@id\":\"https:\\\/\\\/www.iavs.ch\\\/de\\\/#\\\/schema\\\/logo\\\/image\\\/\"}}]}<\/script>\n<!-- \/ Yoast SEO plugin. -->","yoast_head_json":{"title":"IAVS \u2013 Assembl\u00e9es g\u00e9n\u00e9rales","description":"Retrouvez les derniers proc\u00e8s-verbaux de nos assembl\u00e9es g\u00e9n\u00e9rales en t\u00e9l\u00e9chargement.","robots":{"index":"index","follow":"follow","max-snippet":"max-snippet:-1","max-image-preview":"max-image-preview:large","max-video-preview":"max-video-preview:-1"},"canonical":"https:\/\/www.iavs.ch\/de\/generalversammlungen\/","og_locale":"de_DE","og_type":"article","og_title":"IAVS \u2013 Assembl\u00e9es g\u00e9n\u00e9rales","og_description":"Retrouvez les derniers proc\u00e8s-verbaux de nos assembl\u00e9es g\u00e9n\u00e9rales en t\u00e9l\u00e9chargement.","og_url":"https:\/\/www.iavs.ch\/de\/generalversammlungen\/","og_site_name":"IAVS - Ingenieure und Architekten aus dem Wallis","article_modified_time":"2026-04-14T09:30:25+00:00","twitter_card":"summary_large_image","twitter_misc":{"Gesch\u00e4tzte Lesezeit":"1\u00a0Minute"},"schema":{"@context":"https:\/\/schema.org","@graph":[{"@type":"WebPage","@id":"https:\/\/www.iavs.ch\/de\/generalversammlungen\/","url":"https:\/\/www.iavs.ch\/de\/generalversammlungen\/","name":"IAVS \u2013 Assembl\u00e9es g\u00e9n\u00e9rales","isPartOf":{"@id":"https:\/\/www.iavs.ch\/de\/#website"},"datePublished":"2024-05-06T04:11:10+00:00","dateModified":"2026-04-14T09:30:25+00:00","description":"Retrouvez les derniers proc\u00e8s-verbaux de nos assembl\u00e9es g\u00e9n\u00e9rales en t\u00e9l\u00e9chargement.","breadcrumb":{"@id":"https:\/\/www.iavs.ch\/de\/generalversammlungen\/#breadcrumb"},"inLanguage":"de","potentialAction":[{"@type":"ReadAction","target":["https:\/\/www.iavs.ch\/de\/generalversammlungen\/"]}]},{"@type":"BreadcrumbList","@id":"https:\/\/www.iavs.ch\/de\/generalversammlungen\/#breadcrumb","itemListElement":[{"@type":"ListItem","position":1,"name":"Accueil","item":"https:\/\/www.iavs.ch\/de\/"},{"@type":"ListItem","position":2,"name":"Generalversammlungen"}]},{"@type":"WebSite","@id":"https:\/\/www.iavs.ch\/de\/#website","url":"https:\/\/www.iavs.ch\/de\/","name":"IAVS \u2013 Ing\u00e9nieurs et Architectes du Valais","description":"Vereinigung Ingenieure Architekten Wallis","publisher":{"@id":"https:\/\/www.iavs.ch\/de\/#organization"},"potentialAction":[{"@type":"SearchAction","target":{"@type":"EntryPoint","urlTemplate":"https:\/\/www.iavs.ch\/de\/?s={search_term_string}"},"query-input":{"@type":"PropertyValueSpecification","valueRequired":true,"valueName":"search_term_string"}}],"inLanguage":"de"},{"@type":"Organization","@id":"https:\/\/www.iavs.ch\/de\/#organization","name":"IAVS","url":"https:\/\/www.iavs.ch\/de\/","logo":{"@type":"ImageObject","inLanguage":"de","@id":"https:\/\/www.iavs.ch\/de\/#\/schema\/logo\/image\/","url":"https:\/\/www.iavs.ch\/wp-content\/uploads\/2024\/05\/IAVS-logo.svg","contentUrl":"https:\/\/www.iavs.ch\/wp-content\/uploads\/2024\/05\/IAVS-logo.svg","width":1,"height":1,"caption":"IAVS"},"image":{"@id":"https:\/\/www.iavs.ch\/de\/#\/schema\/logo\/image\/"}}]}},"_links":{"self":[{"href":"https:\/\/www.iavs.ch\/de\/wp-json\/wp\/v2\/pages\/1084","targetHints":{"allow":["GET"]}}],"collection":[{"href":"https:\/\/www.iavs.ch\/de\/wp-json\/wp\/v2\/pages"}],"about":[{"href":"https:\/\/www.iavs.ch\/de\/wp-json\/wp\/v2\/types\/page"}],"author":[{"embeddable":true,"href":"https:\/\/www.iavs.ch\/de\/wp-json\/wp\/v2\/users\/1"}],"replies":[{"embeddable":true,"href":"https:\/\/www.iavs.ch\/de\/wp-json\/wp\/v2\/comments?post=1084"}],"version-history":[{"count":8,"href":"https:\/\/www.iavs.ch\/de\/wp-json\/wp\/v2\/pages\/1084\/revisions"}],"predecessor-version":[{"id":2332,"href":"https:\/\/www.iavs.ch\/de\/wp-json\/wp\/v2\/pages\/1084\/revisions\/2332"}],"wp:attachment":[{"href":"https:\/\/www.iavs.ch\/de\/wp-json\/wp\/v2\/media?parent=1084"}],"curies":[{"name":"wp","href":"https:\/\/api.w.org\/{rel}","templated":true}]}}

<div class="wpb-content-wrapper"><p>[vc_row full_width=&#8220;stretch_row&#8220; content_placement=&#8220;middle&#8220; el_class=&#8220;section-banner&#8220; css=&#8220;.vc_custom_1715158155226{padding-top: 100px !important;padding-bottom: 100px !important;background-image: url(https://www.iavs.ch/wp-content/uploads/2024/05/d3ebe33aa64550df1c0e0440358a021c.jpg?id=618) !important;background-position: center !important;background-repeat: no-repeat !important;background-size: cover !important;}&#8220;][vc_column css=&#8220;.vc_custom_1714982198824{margin-top: 0px !important;padding-top: 0px !important;}&#8220;][vc_custom_heading text=&#8220;Versammlungen&#8220; font_container=&#8220;tag:h1|font_size:56|text_align:center|color:%23ffffff|line_height:1.2&#8243; use_theme_fonts=&#8220;yes&#8220; css=&#8220;.vc_custom_1729521487663{margin-top: 0px !important;margin-bottom: 0px !important;padding-top: 0px !important;padding-bottom: 0px !important;}&#8220; el_class=&#8220;title-page&#8220;][/vc_column][/vc_row][vc_row][vc_column css=&#8220;.vc_custom_1715394682077{margin-top: 0px !important;padding-top: 0px !important;}&#8220;][vc_raw_html css=&#8220;.vc_custom_1715394638948{margin-top: 0px !important;margin-bottom: 0px !important;padding-top: 0px !important;padding-bottom: 0px !important;}&#8220;]JTVCYnJlYWRjcnVtYnMlNUQ=[/vc_raw_html][/vc_column][/vc_row][vc_row][vc_column el_class=&#8220;max-1000&#8243;][vc_custom_heading text=&#8220;Generalversammlungen&#8220; font_container=&#8220;tag:h2|font_size:40px|text_align:left|line_height:1.25&#8243; use_theme_fonts=&#8220;yes&#8220; css=&#8220;.vc_custom_1729521547748{margin-bottom: 40px !important;}&#8220;][vc_column_text css=&#8220;.vc_custom_1729521592061{margin-bottom: 40px !important;}&#8220;]Jedes Jahr veranstaltet IAVS ihre Generalversammlung, die Mitglieder und Gäste zusammenbringt und stets von einem festlichen Teil gefolgt wird. Finden Sie die letzten Protokolle als Download.[/vc_column_text][vc_column_text css=&#8220;.vc_custom_1729521621620{margin-bottom: 10px !important;}&#8220;]<strong>Protokolle</strong>[/vc_column_text]	<div class="rst-item-download ">
		<a href="https://www.iavs.ch/wp-content/uploads/2026/04/PV_AG_2025_DE.pdf" download>
			<span class="rst-icon-download"><span></span></span></span>2025</a>
	</div>
	
[vc_empty_space height=&#8220;12px&#8220;]	<div class="rst-item-download ">
		<a href="https://www.iavs.ch/wp-content/uploads/2025/04/PV_AG_2024_DE.pdf" download>
			<span class="rst-icon-download"><span></span></span></span>2024</a>
	</div>
	
[vc_empty_space height=&#8220;12px&#8220;]	<div class="rst-item-download ">
		<a href="https://www.iavs.ch/wp-content/uploads/2024/05/PV_AG_2023_FR.pdf" download>
			<span class="rst-icon-download"><span></span></span></span>2023</a>
	</div>
	
[vc_empty_space height=&#8220;12px&#8220;]	<div class="rst-item-download ">
		<a href="https://www.iavs.ch/wp-content/uploads/2024/05/PV_AG_2022_FR.pdf" download>
			<span class="rst-icon-download"><span></span></span></span>2022</a>
	</div>
	
[vc_empty_space height=&#8220;80px&#8220;][vc_empty_space height=&#8220;45px&#8220; el_class=&#8220;hidden&#8220;][/vc_column][/vc_row]</p>
</div>

<!-- This site is optimized with the Yoast SEO plugin v27.4 - https://yoast.com/product/yoast-seo-wordpress/ -->
<title>IAVS – Assemblées générales</title>
<meta name="description" content="Retrouvez les derniers procès-verbaux de nos assemblées générales en téléchargement." />
<meta name="robots" content="index, follow, max-snippet:-1, max-image-preview:large, max-video-preview:-1" />
<link rel="canonical" href="https://www.iavs.ch/de/generalversammlungen/" />
<meta property="og:locale" content="de_DE" />
<meta property="og:type" content="article" />
<meta property="og:title" content="IAVS – Assemblées générales" />
<meta property="og:description" content="Retrouvez les derniers procès-verbaux de nos assemblées générales en téléchargement." />
<meta property="og:url" content="https://www.iavs.ch/de/generalversammlungen/" />
<meta property="og:site_name" content="IAVS - Ingenieure und Architekten aus dem Wallis" />
<meta property="article:modified_time" content="2026-04-14T09:30:25+00:00" />
<meta name="twitter:card" content="summary_large_image" />
<meta name="twitter:label1" content="Geschätzte Lesezeit" />
	<meta name="twitter:data1" content="1 Minute" />
<script type="application/ld+json" class="yoast-schema-graph">{"@context":"https:\/\/schema.org","@graph":[{"@type":"WebPage","@id":"https:\/\/www.iavs.ch\/de\/generalversammlungen\/","url":"https:\/\/www.iavs.ch\/de\/generalversammlungen\/","name":"IAVS – Assemblées générales","isPartOf":{"@id":"https:\/\/www.iavs.ch\/de\/#website"},"datePublished":"2024-05-06T04:11:10+00:00","dateModified":"2026-04-14T09:30:25+00:00","description":"Retrouvez les derniers procès-verbaux de nos assemblées générales en téléchargement.","breadcrumb":{"@id":"https:\/\/www.iavs.ch\/de\/generalversammlungen\/#breadcrumb"},"inLanguage":"de","potentialAction":[{"@type":"ReadAction","target":["https:\/\/www.iavs.ch\/de\/generalversammlungen\/"]}]},{"@type":"BreadcrumbList","@id":"https:\/\/www.iavs.ch\/de\/generalversammlungen\/#breadcrumb","itemListElement":[{"@type":"ListItem","position":1,"name":"Accueil","item":"https:\/\/www.iavs.ch\/de\/"},{"@type":"ListItem","position":2,"name":"Generalversammlungen"}]},{"@type":"WebSite","@id":"https:\/\/www.iavs.ch\/de\/#website","url":"https:\/\/www.iavs.ch\/de\/","name":"IAVS – Ingénieurs et Architectes du Valais","description":"Vereinigung Ingenieure Architekten Wallis","publisher":{"@id":"https:\/\/www.iavs.ch\/de\/#organization"},"potentialAction":[{"@type":"SearchAction","target":{"@type":"EntryPoint","urlTemplate":"https:\/\/www.iavs.ch\/de\/?s={search_term_string}"},"query-input":{"@type":"PropertyValueSpecification","valueRequired":true,"valueName":"search_term_string"}}],"inLanguage":"de"},{"@type":"Organization","@id":"https:\/\/www.iavs.ch\/de\/#organization","name":"IAVS","url":"https:\/\/www.iavs.ch\/de\/","logo":{"@type":"ImageObject","inLanguage":"de","@id":"https:\/\/www.iavs.ch\/de\/#\/schema\/logo\/image\/","url":"https:\/\/www.iavs.ch\/wp-content\/uploads\/2024\/05\/IAVS-logo.svg","contentUrl":"https:\/\/www.iavs.ch\/wp-content\/uploads\/2024\/05\/IAVS-logo.svg","width":1,"height":1,"caption":"IAVS"},"image":{"@id":"https:\/\/www.iavs.ch\/de\/#\/schema\/logo\/image\/"}}]}</script>
<!-- / Yoast SEO plugin. -->

IAVS – Assemblées générales

Retrouvez les derniers procès-verbaux de nos assemblées générales en téléchargement.

IAVS – Ingénieurs et Architectes du Valais
